{"id":3087,"date":"2013-08-20T07:41:04","date_gmt":"2013-08-20T07:41:04","guid":{"rendered":"https:\/\/tranviascoruna.com\/incidencias-de-servizo\/"},"modified":"2022-09-13T11:20:32","modified_gmt":"2022-09-13T09:20:32","slug":"incidencias-de-servizo","status":"publish","type":"page","link":"https:\/\/tranviascoruna.com\/gl\/incidencias-de-servizo\/","title":{"rendered":"Incidencias de servizo"},"content":{"rendered":"\t\t<div data-elementor-type=\"wp-page\" data-elementor-id=\"3087\" class=\"elementor elementor-3087 elementor-592\" data-elementor-post-type=\"page\">\n\t\t\t\t\t\t<section class=\"elementor-section elementor-top-section elementor-element elementor-element-15bbde5 elementor-section-boxed elementor-section-height-default elementor-section-height-default\" data-id=\"15bbde5\" data-element_type=\"section\" data-e-type=\"section\" id=\"no-incidencias\">\n\t\t\t\t\t\t<div class=\"elementor-container elementor-column-gap-default\">\n\t\t\t\t\t<div class=\"elementor-column elementor-col-100 elementor-top-column elementor-element elementor-element-5883c3c\" data-id=\"5883c3c\" data-element_type=\"column\" data-e-type=\"column\">\n\t\t\t<div class=\"elementor-widget-wrap elementor-element-populated\">\n\t\t\t\t\t\t<div class=\"elementor-element elementor-element-a7de7fd elementor-widget elementor-widget-heading\" data-id=\"a7de7fd\" data-element_type=\"widget\" data-e-type=\"widget\" data-widget_type=\"heading.default\">\n\t\t\t\t<div class=\"elementor-widget-container\">\n\t\t\t\t\t<p class=\"elementor-heading-title elementor-size-default\">O meu bus<\/p>\t\t\t\t<\/div>\n\t\t\t\t<\/div>\n\t\t\t\t<div class=\"elementor-element elementor-element-ecc9ee2 elementor-widget elementor-widget-heading\" data-id=\"ecc9ee2\" data-element_type=\"widget\" data-e-type=\"widget\" data-widget_type=\"heading.default\">\n\t\t\t\t<div class=\"elementor-widget-container\">\n\t\t\t\t\t<h2 class=\"elementor-heading-title elementor-size-default\">Incidencias de servizo<\/h2>\t\t\t\t<\/div>\n\t\t\t\t<\/div>\n\t\t\t\t<div class=\"elementor-element elementor-element-72e7707 elementor-widget elementor-widget-text-editor\" data-id=\"72e7707\" data-element_type=\"widget\" data-e-type=\"widget\" data-widget_type=\"text-editor.default\">\n\t\t\t\t<div class=\"elementor-widget-container\">\n\t\t\t\t\t\t\t\t\tNeste momento non hai ning\u00fan incidente. O servizo de autobuses funciona correctamente e con total normalidade. No caso de que algunha das nosas li\u00f1as sufra algunha incidencia, esta ser\u00e1 visible neste mesmo apartado.\n\t\t\t\t\t\t\t\t<\/div>\n\t\t\t\t<\/div>\n\t\t\t\t\t<\/div>\n\t\t<\/div>\n\t\t\t\t\t<\/div>\n\t\t<\/section>\n\t\t\t\t<\/div>\n\t\t","protected":false},"excerpt":{"rendered":"<p>O meu bus Incidencias de servizo R\/ Santo Andr\u00e9 pechada ao tr\u00e1ficoS\u00e1bados de 16:30-21h | Domingos de 10-21h Read More Li\u00f1as afectadas: 3, 4, 5, 6, 6A, 7, 11 Parada de autob\u00fas Paradas alternativas: (199) P. de Espa\u00f1a (555) R. Hospital, Zalaeta (159) P. Mar\u00edtimo, fronte Centro Sa\u00fade (398) P. Pontevedra, 18 (160) Juan Fl\u00f3rez,&hellip;<\/p>\n","protected":false},"author":1,"featured_media":0,"parent":0,"menu_order":0,"comment_status":"open","ping_status":"open","template":"elementor_header_footer","meta":{"_acf_changed":false,"footnotes":"","_wpscp_schedule_draft_date":"","_wpscp_schedule_republish_date":"","_wpscppro_advance_schedule":false,"_wpscppro_advance_schedule_date":"","_wpscppro_dont_share_socialmedia":false,"_wpscppro_custom_social_share_image":0,"_facebook_share_type":"","_twitter_share_type":"","_linkedin_share_type":"","_pinterest_share_type":"","_linkedin_share_type_page":"","_instagram_share_type":"","_medium_share_type":"","_threads_share_type":"","_google_business_share_type":"","_selected_social_profile":[],"_wpsp_enable_custom_social_template":false,"_wpsp_social_scheduling":{"enabled":false,"datetime":null,"platforms":[],"status":"template_only","dateOption":"today","timeOption":"now","customDays":"","customHours":"","customDate":"","customTime":"","schedulingType":"absolute"},"_wpsp_active_default_template":true},"class_list":["post-3087","page","type-page","status-publish","hentry"],"acf":[],"yoast_head":"<!-- This site is optimized with the Yoast SEO plugin v27.1 - https:\/\/yoast.com\/product\/yoast-seo-wordpress\/ -->\n<title>Incidencias de servizo - Compa\u00f1\u00eda de Tranv\u00edas de La Coru\u00f1a<\/title>\n<meta name=\"robots\" content=\"index, follow, max-snippet:-1, max-image-preview:large, max-video-preview:-1\" \/>\n<link rel=\"canonical\" href=\"https:\/\/tranviascoruna.com\/gl\/incidencias-de-servizo\/\" \/>\n<meta property=\"og:locale\" content=\"gl_ES\" \/>\n<meta property=\"og:type\" content=\"article\" \/>\n<meta property=\"og:title\" content=\"Incidencias de servizo - Compa\u00f1\u00eda de Tranv\u00edas de La Coru\u00f1a\" \/>\n<meta property=\"og:description\" content=\"O meu bus Incidencias de servizo R\/ Santo Andr\u00e9 pechada ao tr\u00e1ficoS\u00e1bados de 16:30-21h | Domingos de 10-21h Read More Li\u00f1as afectadas: 3, 4, 5, 6, 6A, 7, 11 Parada de autob\u00fas Paradas alternativas: (199) P. de Espa\u00f1a (555) R. Hospital, Zalaeta (159) P. Mar\u00edtimo, fronte Centro Sa\u00fade (398) P. Pontevedra, 18 (160) Juan Fl\u00f3rez,&hellip;\" \/>\n<meta property=\"og:url\" content=\"https:\/\/tranviascoruna.com\/gl\/incidencias-de-servizo\/\" \/>\n<meta property=\"og:site_name\" content=\"Compa\u00f1\u00eda de Tranv\u00edas de La Coru\u00f1a\" \/>\n<meta property=\"article:modified_time\" content=\"2022-09-13T09:20:32+00:00\" \/>\n<meta property=\"og:image\" content=\"https:\/\/tranviascoruna.com\/wp-content\/plugins\/elementor\/assets\/images\/placeholder.png\" \/>\n<meta name=\"twitter:card\" content=\"summary_large_image\" \/>\n<meta name=\"twitter:label1\" content=\"Tempo de lectura\" \/>\n\t<meta name=\"twitter:data1\" content=\"5 minutes\" \/>\n<script type=\"application\/ld+json\" class=\"yoast-schema-graph\">{\"@context\":\"https:\/\/schema.org\",\"@graph\":[{\"@type\":\"WebPage\",\"@id\":\"https:\/\/tranviascoruna.com\/gl\/incidencias-de-servizo\/\",\"url\":\"https:\/\/tranviascoruna.com\/gl\/incidencias-de-servizo\/\",\"name\":\"Incidencias de servizo - Compa\u00f1\u00eda de Tranv\u00edas de La Coru\u00f1a\",\"isPartOf\":{\"@id\":\"https:\/\/tranviascoruna.com\/#website\"},\"primaryImageOfPage\":{\"@id\":\"https:\/\/tranviascoruna.com\/gl\/incidencias-de-servizo\/#primaryimage\"},\"image\":{\"@id\":\"https:\/\/tranviascoruna.com\/gl\/incidencias-de-servizo\/#primaryimage\"},\"thumbnailUrl\":\"https:\/\/tranviascoruna.com\/wp-content\/plugins\/elementor\/assets\/images\/placeholder.png\",\"datePublished\":\"2013-08-20T07:41:04+00:00\",\"dateModified\":\"2022-09-13T09:20:32+00:00\",\"breadcrumb\":{\"@id\":\"https:\/\/tranviascoruna.com\/gl\/incidencias-de-servizo\/#breadcrumb\"},\"inLanguage\":\"gl-ES\",\"potentialAction\":[{\"@type\":\"ReadAction\",\"target\":[\"https:\/\/tranviascoruna.com\/gl\/incidencias-de-servizo\/\"]}]},{\"@type\":\"ImageObject\",\"inLanguage\":\"gl-ES\",\"@id\":\"https:\/\/tranviascoruna.com\/gl\/incidencias-de-servizo\/#primaryimage\",\"url\":\"https:\/\/tranviascoruna.com\/wp-content\/plugins\/elementor\/assets\/images\/placeholder.png\",\"contentUrl\":\"https:\/\/tranviascoruna.com\/wp-content\/plugins\/elementor\/assets\/images\/placeholder.png\"},{\"@type\":\"BreadcrumbList\",\"@id\":\"https:\/\/tranviascoruna.com\/gl\/incidencias-de-servizo\/#breadcrumb\",\"itemListElement\":[{\"@type\":\"ListItem\",\"position\":1,\"name\":\"Home\",\"item\":\"https:\/\/tranviascoruna.com\/\"},{\"@type\":\"ListItem\",\"position\":2,\"name\":\"Incidencias de servizo\"}]},{\"@type\":\"WebSite\",\"@id\":\"https:\/\/tranviascoruna.com\/#website\",\"url\":\"https:\/\/tranviascoruna.com\/\",\"name\":\"Compa\u00f1\u00eda de Tranv\u00edas de La Coru\u00f1a\",\"description\":\"Compa\u00f1\u00eda de Tranv\u00edas de La Coru\u00f1a\",\"publisher\":{\"@id\":\"https:\/\/tranviascoruna.com\/#organization\"},\"potentialAction\":[{\"@type\":\"SearchAction\",\"target\":{\"@type\":\"EntryPoint\",\"urlTemplate\":\"https:\/\/tranviascoruna.com\/?s={search_term_string}\"},\"query-input\":{\"@type\":\"PropertyValueSpecification\",\"valueRequired\":true,\"valueName\":\"search_term_string\"}}],\"inLanguage\":\"gl-ES\"},{\"@type\":\"Organization\",\"@id\":\"https:\/\/tranviascoruna.com\/#organization\",\"name\":\"Compa\u00f1\u00eda de Tranv\u00edas de La Coru\u00f1a\",\"url\":\"https:\/\/tranviascoruna.com\/\",\"logo\":{\"@type\":\"ImageObject\",\"inLanguage\":\"gl-ES\",\"@id\":\"https:\/\/tranviascoruna.com\/#\/schema\/logo\/image\/\",\"url\":\"https:\/\/tranviascoruna.com\/wp-content\/uploads\/2021\/12\/Componente-50-\u2013-5.png\",\"contentUrl\":\"https:\/\/tranviascoruna.com\/wp-content\/uploads\/2021\/12\/Componente-50-\u2013-5.png\",\"width\":115,\"height\":116,\"caption\":\"Compa\u00f1\u00eda de Tranv\u00edas de La Coru\u00f1a\"},\"image\":{\"@id\":\"https:\/\/tranviascoruna.com\/#\/schema\/logo\/image\/\"}}]}<\/script>\n<!-- \/ Yoast SEO plugin. -->","yoast_head_json":{"title":"Incidencias de servizo - Compa\u00f1\u00eda de Tranv\u00edas de La Coru\u00f1a","robots":{"index":"index","follow":"follow","max-snippet":"max-snippet:-1","max-image-preview":"max-image-preview:large","max-video-preview":"max-video-preview:-1"},"canonical":"https:\/\/tranviascoruna.com\/gl\/incidencias-de-servizo\/","og_locale":"gl_ES","og_type":"article","og_title":"Incidencias de servizo - Compa\u00f1\u00eda de Tranv\u00edas de La Coru\u00f1a","og_description":"O meu bus Incidencias de servizo R\/ Santo Andr\u00e9 pechada ao tr\u00e1ficoS\u00e1bados de 16:30-21h | Domingos de 10-21h Read More Li\u00f1as afectadas: 3, 4, 5, 6, 6A, 7, 11 Parada de autob\u00fas Paradas alternativas: (199) P. de Espa\u00f1a (555) R. Hospital, Zalaeta (159) P. Mar\u00edtimo, fronte Centro Sa\u00fade (398) P. Pontevedra, 18 (160) Juan Fl\u00f3rez,&hellip;","og_url":"https:\/\/tranviascoruna.com\/gl\/incidencias-de-servizo\/","og_site_name":"Compa\u00f1\u00eda de Tranv\u00edas de La Coru\u00f1a","article_modified_time":"2022-09-13T09:20:32+00:00","og_image":[{"url":"https:\/\/tranviascoruna.com\/wp-content\/plugins\/elementor\/assets\/images\/placeholder.png","type":"","width":"","height":""}],"twitter_card":"summary_large_image","twitter_misc":{"Tempo de lectura":"5 minutes"},"schema":{"@context":"https:\/\/schema.org","@graph":[{"@type":"WebPage","@id":"https:\/\/tranviascoruna.com\/gl\/incidencias-de-servizo\/","url":"https:\/\/tranviascoruna.com\/gl\/incidencias-de-servizo\/","name":"Incidencias de servizo - Compa\u00f1\u00eda de Tranv\u00edas de La Coru\u00f1a","isPartOf":{"@id":"https:\/\/tranviascoruna.com\/#website"},"primaryImageOfPage":{"@id":"https:\/\/tranviascoruna.com\/gl\/incidencias-de-servizo\/#primaryimage"},"image":{"@id":"https:\/\/tranviascoruna.com\/gl\/incidencias-de-servizo\/#primaryimage"},"thumbnailUrl":"https:\/\/tranviascoruna.com\/wp-content\/plugins\/elementor\/assets\/images\/placeholder.png","datePublished":"2013-08-20T07:41:04+00:00","dateModified":"2022-09-13T09:20:32+00:00","breadcrumb":{"@id":"https:\/\/tranviascoruna.com\/gl\/incidencias-de-servizo\/#breadcrumb"},"inLanguage":"gl-ES","potentialAction":[{"@type":"ReadAction","target":["https:\/\/tranviascoruna.com\/gl\/incidencias-de-servizo\/"]}]},{"@type":"ImageObject","inLanguage":"gl-ES","@id":"https:\/\/tranviascoruna.com\/gl\/incidencias-de-servizo\/#primaryimage","url":"https:\/\/tranviascoruna.com\/wp-content\/plugins\/elementor\/assets\/images\/placeholder.png","contentUrl":"https:\/\/tranviascoruna.com\/wp-content\/plugins\/elementor\/assets\/images\/placeholder.png"},{"@type":"BreadcrumbList","@id":"https:\/\/tranviascoruna.com\/gl\/incidencias-de-servizo\/#breadcrumb","itemListElement":[{"@type":"ListItem","position":1,"name":"Home","item":"https:\/\/tranviascoruna.com\/"},{"@type":"ListItem","position":2,"name":"Incidencias de servizo"}]},{"@type":"WebSite","@id":"https:\/\/tranviascoruna.com\/#website","url":"https:\/\/tranviascoruna.com\/","name":"Compa\u00f1\u00eda de Tranv\u00edas de La Coru\u00f1a","description":"Compa\u00f1\u00eda de Tranv\u00edas de La Coru\u00f1a","publisher":{"@id":"https:\/\/tranviascoruna.com\/#organization"},"potentialAction":[{"@type":"SearchAction","target":{"@type":"EntryPoint","urlTemplate":"https:\/\/tranviascoruna.com\/?s={search_term_string}"},"query-input":{"@type":"PropertyValueSpecification","valueRequired":true,"valueName":"search_term_string"}}],"inLanguage":"gl-ES"},{"@type":"Organization","@id":"https:\/\/tranviascoruna.com\/#organization","name":"Compa\u00f1\u00eda de Tranv\u00edas de La Coru\u00f1a","url":"https:\/\/tranviascoruna.com\/","logo":{"@type":"ImageObject","inLanguage":"gl-ES","@id":"https:\/\/tranviascoruna.com\/#\/schema\/logo\/image\/","url":"https:\/\/tranviascoruna.com\/wp-content\/uploads\/2021\/12\/Componente-50-\u2013-5.png","contentUrl":"https:\/\/tranviascoruna.com\/wp-content\/uploads\/2021\/12\/Componente-50-\u2013-5.png","width":115,"height":116,"caption":"Compa\u00f1\u00eda de Tranv\u00edas de La Coru\u00f1a"},"image":{"@id":"https:\/\/tranviascoruna.com\/#\/schema\/logo\/image\/"}}]}},"_links":{"self":[{"href":"https:\/\/tranviascoruna.com\/gl\/wp-json\/wp\/v2\/pages\/3087","targetHints":{"allow":["GET"]}}],"collection":[{"href":"https:\/\/tranviascoruna.com\/gl\/wp-json\/wp\/v2\/pages"}],"about":[{"href":"https:\/\/tranviascoruna.com\/gl\/wp-json\/wp\/v2\/types\/page"}],"author":[{"embeddable":true,"href":"https:\/\/tranviascoruna.com\/gl\/wp-json\/wp\/v2\/users\/1"}],"replies":[{"embeddable":true,"href":"https:\/\/tranviascoruna.com\/gl\/wp-json\/wp\/v2\/comments?post=3087"}],"version-history":[{"count":2,"href":"https:\/\/tranviascoruna.com\/gl\/wp-json\/wp\/v2\/pages\/3087\/revisions"}],"predecessor-version":[{"id":5401,"href":"https:\/\/tranviascoruna.com\/gl\/wp-json\/wp\/v2\/pages\/3087\/revisions\/5401"}],"wp:attachment":[{"href":"https:\/\/tranviascoruna.com\/gl\/wp-json\/wp\/v2\/media?parent=3087"}],"curies":[{"name":"wp","href":"https:\/\/api.w.org\/{rel}","templated":true}]}}

<div data-elementor-type="wp-page" data-elementor-id="3087" class="elementor elementor-3087 elementor-592" data-elementor-post-type="page">
						<section class="elementor-section elementor-top-section elementor-element elementor-element-15bbde5 elementor-section-boxed elementor-section-height-default elementor-section-height-default" data-id="15bbde5" data-element_type="section" data-e-type="section" id="no-incidencias">
						<div class="elementor-container elementor-column-gap-default">
					<div class="elementor-column elementor-col-100 elementor-top-column elementor-element elementor-element-5883c3c" data-id="5883c3c" data-element_type="column" data-e-type="column">
			<div class="elementor-widget-wrap elementor-element-populated">
						<div class="elementor-element elementor-element-a7de7fd elementor-widget elementor-widget-heading" data-id="a7de7fd" data-element_type="widget" data-e-type="widget" data-widget_type="heading.default">
				<div class="elementor-widget-container">
					<p class="elementor-heading-title elementor-size-default">O meu bus</p>				</div>
				</div>
				<div class="elementor-element elementor-element-ecc9ee2 elementor-widget elementor-widget-heading" data-id="ecc9ee2" data-element_type="widget" data-e-type="widget" data-widget_type="heading.default">
				<div class="elementor-widget-container">
					<h2 class="elementor-heading-title elementor-size-default">Incidencias de servizo</h2>				</div>
				</div>
				<div class="elementor-element elementor-element-72e7707 elementor-widget elementor-widget-text-editor" data-id="72e7707" data-element_type="widget" data-e-type="widget" data-widget_type="text-editor.default">
				<div class="elementor-widget-container">
									Neste momento non hai ningún incidente. O servizo de autobuses funciona correctamente e con total normalidade. No caso de que algunha das nosas liñas sufra algunha incidencia, esta será visible neste mesmo apartado.
								</div>
				</div>
					</div>
		</div>
					</div>
		</section>
				</div>

<p>O meu bus Incidencias de servizo R/ Santo André pechada ao tráficoSábados de 16:30-21h | Domingos de 10-21h Read More Liñas afectadas: 3, 4, 5, 6, 6A, 7, 11 Parada de autobús Paradas alternativas: (199) P. de España (555) R. Hospital, Zalaeta (159) P. Marítimo, fronte Centro Saúde (398) P. Pontevedra, 18 (160) Juan Flórez,&hellip;</p>

<!-- This site is optimized with the Yoast SEO plugin v27.1 - https://yoast.com/product/yoast-seo-wordpress/ -->
<title>Incidencias de servizo - Compañía de Tranvías de La Coruña</title>
<meta name="robots" content="index, follow, max-snippet:-1, max-image-preview:large, max-video-preview:-1" />
<link rel="canonical" href="https://tranviascoruna.com/gl/incidencias-de-servizo/" />
<meta property="og:locale" content="gl_ES" />
<meta property="og:type" content="article" />
<meta property="og:title" content="Incidencias de servizo - Compañía de Tranvías de La Coruña" />
<meta property="og:description" content="O meu bus Incidencias de servizo R/ Santo André pechada ao tráficoSábados de 16:30-21h | Domingos de 10-21h Read More Liñas afectadas: 3, 4, 5, 6, 6A, 7, 11 Parada de autobús Paradas alternativas: (199) P. de España (555) R. Hospital, Zalaeta (159) P. Marítimo, fronte Centro Saúde (398) P. Pontevedra, 18 (160) Juan Flórez,&hellip;" />
<meta property="og:url" content="https://tranviascoruna.com/gl/incidencias-de-servizo/" />
<meta property="og:site_name" content="Compañía de Tranvías de La Coruña" />
<meta property="article:modified_time" content="2022-09-13T09:20:32+00:00" />
<meta property="og:image" content="https://tranviascoruna.com/wp-content/plugins/elementor/assets/images/placeholder.png" />
<meta name="twitter:card" content="summary_large_image" />
<meta name="twitter:label1" content="Tempo de lectura" />
	<meta name="twitter:data1" content="5 minutes" />
<script type="application/ld+json" class="yoast-schema-graph">{"@context":"https://schema.org","@graph":[{"@type":"WebPage","@id":"https://tranviascoruna.com/gl/incidencias-de-servizo/","url":"https://tranviascoruna.com/gl/incidencias-de-servizo/","name":"Incidencias de servizo - Compañía de Tranvías de La Coruña","isPartOf":{"@id":"https://tranviascoruna.com/#website"},"primaryImageOfPage":{"@id":"https://tranviascoruna.com/gl/incidencias-de-servizo/#primaryimage"},"image":{"@id":"https://tranviascoruna.com/gl/incidencias-de-servizo/#primaryimage"},"thumbnailUrl":"https://tranviascoruna.com/wp-content/plugins/elementor/assets/images/placeholder.png","datePublished":"2013-08-20T07:41:04+00:00","dateModified":"2022-09-13T09:20:32+00:00","breadcrumb":{"@id":"https://tranviascoruna.com/gl/incidencias-de-servizo/#breadcrumb"},"inLanguage":"gl-ES","potentialAction":[{"@type":"ReadAction","target":["https://tranviascoruna.com/gl/incidencias-de-servizo/"]}]},{"@type":"ImageObject","inLanguage":"gl-ES","@id":"https://tranviascoruna.com/gl/incidencias-de-servizo/#primaryimage","url":"https://tranviascoruna.com/wp-content/plugins/elementor/assets/images/placeholder.png","contentUrl":"https://tranviascoruna.com/wp-content/plugins/elementor/assets/images/placeholder.png"},{"@type":"BreadcrumbList","@id":"https://tranviascoruna.com/gl/incidencias-de-servizo/#breadcrumb","itemListElement":[{"@type":"ListItem","position":1,"name":"Home","item":"https://tranviascoruna.com/"},{"@type":"ListItem","position":2,"name":"Incidencias de servizo"}]},{"@type":"WebSite","@id":"https://tranviascoruna.com/#website","url":"https://tranviascoruna.com/","name":"Compañía de Tranvías de La Coruña","description":"Compañía de Tranvías de La Coruña","publisher":{"@id":"https://tranviascoruna.com/#organization"},"potentialAction":[{"@type":"SearchAction","target":{"@type":"EntryPoint","urlTemplate":"https://tranviascoruna.com/?s={search_term_string}"},"query-input":{"@type":"PropertyValueSpecification","valueRequired":true,"valueName":"search_term_string"}}],"inLanguage":"gl-ES"},{"@type":"Organization","@id":"https://tranviascoruna.com/#organization","name":"Compañía de Tranvías de La Coruña","url":"https://tranviascoruna.com/","logo":{"@type":"ImageObject","inLanguage":"gl-ES","@id":"https://tranviascoruna.com/#/schema/logo/image/","url":"https://tranviascoruna.com/wp-content/uploads/2021/12/Componente-50-–-5.png","contentUrl":"https://tranviascoruna.com/wp-content/uploads/2021/12/Componente-50-–-5.png","width":115,"height":116,"caption":"Compañía de Tranvías de La Coruña"},"image":{"@id":"https://tranviascoruna.com/#/schema/logo/image/"}}]}</script>
<!-- / Yoast SEO plugin. -->

Incidencias de servizo - Compañía de Tranvías de La Coruña

O meu bus Incidencias de servizo R/ Santo André pechada ao tráficoSábados de 16:30-21h | Domingos de 10-21h Read More Liñas afectadas: 3, 4, 5, 6, 6A, 7, 11 Parada de autobús Paradas alternativas: (199) P. de España (555) R. Hospital, Zalaeta (159) P. Marítimo, fronte Centro Saúde (398) P. Pontevedra, 18 (160) Juan Flórez,&hellip;

Compañía de Tranvías de La Coruña
